{"id":10,"date":"2015-12-24T17:26:09","date_gmt":"2015-12-24T15:26:09","guid":{"rendered":"https:\/\/villenhieronta.fi\/?page_id=10"},"modified":"2025-04-23T16:23:44","modified_gmt":"2025-04-23T14:23:44","slug":"mina-ville","status":"publish","type":"page","link":"https:\/\/villenhieronta.fi\/index.php\/mina-ville\/","title":{"rendered":"Min\u00e4, Ville"},"content":{"rendered":"<p><span style=\"color: #262624;\">Morientes!<\/span><\/p>\n<p><span style=\"color: #262624;\"><span style=\"font-family: Georgia, serif;\"><span style=\"font-size: large;\">Olen 46- vuotias, urheilijataustan omaava, ilonen, rento ja sosiaalinen, kahden lapsen is\u00e4 Espoosta.<\/span><\/span><\/span><\/p>\n<p><span style=\"color: #262624;\"><span style=\"font-family: Georgia, serif;\"><span style=\"font-size: large;\">Harrastuksiini kuuluu k\u00e4vely, lenkkeily, uinti, sek\u00e4 tietenkin penkkiurheilu \ud83d\ude42<\/span><\/span><\/span><\/p>\n<p><span style=\"color: #262624;\"><span style=\"font-family: Georgia, serif;\"><span style=\"font-size: large;\">Minusta tuli koulutettu hieroja, kun valmistuin&nbsp; Vantaan, Tikkurilan Edupolista 24.6.2015. Erikoisammattitutkintona suoritin kivunhoidon osion.<\/span><\/span><\/span><\/p>\n<p><span style=\"color: #262624;\"><span style=\"font-family: Georgia, serif;\"><span style=\"font-size: large;\">Toimin hierojana Espoossa omissa toimitiloissani Mankkaalla (Noretronin kiinteist\u00f6). Minulta saa my\u00f6s hierontapalveluita yrityksille p\u00e4\u00e4kaupunkiseudulla. N\u00e4iss\u00e4 toimin hierojana yrityksen omissa toimitiloissa.<\/span><\/span><\/span><\/p>\n<p><span style=\"color: #262624;\"><span style=\"font-family: Georgia, serif;\"><span style=\"font-size: large;\">Tervetuloa tutustumaan!<\/span><\/span><\/span><\/p>\n","protected":false},"excerpt":{"rendered":"<p>Morientes! Olen 46- vuotias, urheilijataustan omaava, ilonen, rento ja sosiaalinen, kahden lapsen is\u00e4 Espoosta. Harrastuksiini kuuluu k\u00e4vely, lenkkeily, uinti, sek\u00e4 tietenkin penkkiurheilu \ud83d\ude42 Minusta tuli koulutettu hieroja, kun valmistuin&nbsp; Vantaan, Tikkurilan Edupolista 24.6.2015. Erikoisammattitutkintona suoritin kivunhoidon osion. Toimin hierojana Espoossa omissa toimitiloissani Mankkaalla (Noretronin kiinteist\u00f6). Minulta saa my\u00f6s hierontapalveluita yrityksille p\u00e4\u00e4kaupunkiseudulla. N\u00e4iss\u00e4 toimin hierojana yrityksen [&hellip;]<\/p>\n","protected":false},"author":2,"featured_media":0,"parent":0,"menu_order":0,"comment_status":"closed","ping_status":"closed","template":"","meta":[],"_links":{"self":[{"href":"https:\/\/villenhieronta.fi\/index.php\/wp-json\/wp\/v2\/pages\/10"}],"collection":[{"href":"https:\/\/villenhieronta.fi\/index.php\/wp-json\/wp\/v2\/pages"}],"about":[{"href":"https:\/\/villenhieronta.fi\/index.php\/wp-json\/wp\/v2\/types\/page"}],"author":[{"embeddable":true,"href":"https:\/\/villenhieronta.fi\/index.php\/wp-json\/wp\/v2\/users\/2"}],"replies":[{"embeddable":true,"href":"https:\/\/villenhieronta.fi\/index.php\/wp-json\/wp\/v2\/comments?post=10"}],"version-history":[{"count":10,"href":"https:\/\/villenhieronta.fi\/index.php\/wp-json\/wp\/v2\/pages\/10\/revisions"}],"predecessor-version":[{"id":333,"href":"https:\/\/villenhieronta.fi\/index.php\/wp-json\/wp\/v2\/pages\/10\/revisions\/333"}],"wp:attachment":[{"href":"https:\/\/villenhieronta.fi\/index.php\/wp-json\/wp\/v2\/media?parent=10"}],"curies":[{"name":"wp","href":"https:\/\/api.w.org\/{rel}","templated":true}]}}