{"id":34,"date":"2015-12-24T17:40:57","date_gmt":"2015-12-24T15:40:57","guid":{"rendered":"https:\/\/villenhieronta.fi\/?page_id=34"},"modified":"2026-03-24T18:19:47","modified_gmt":"2026-03-24T16:19:47","slug":"etusivu","status":"publish","type":"page","link":"https:\/\/villenhieronta.fi\/","title":{"rendered":"Villen hieronta | Espoo, Mankkaa"},"content":{"rendered":"\n<p class=\"has-text-align-left has-black-color has-text-color has-medium-font-size\">Jos etsit itsellesi hierojaa Espoosta, olet oikeassa paikassa. Villen hieronta tarjoaa yksil\u00f6llist\u00e4 ja laadukasta hierontaa Mankkaalla. Klassinen hieronta auttaa muun muassa istumaty\u00f6n aiheuttamaan rasitukseen, urheilijoiden lihaskireyksi\u00e4 ja yleiseen rentoutumiseen. L\u00e4hes kymmenen vuoden kokemukseni hierontaty\u00f6st\u00e4 takaa turvallisen, laadukkaan ja juuri sinulle r\u00e4\u00e4t\u00e4l\u00f6idyn hieronnan. <\/p>\n\n\n\n<h5 class=\"has-text-align-center\"><a href=\"https:\/\/villenhieronta.fi\/index.php\/ajanvaraus-ja-hinnasto\/\"><strong>Varaa aika hierontaan<\/strong><\/a><\/h5>\n\n\n\n<p class=\"has-text-align-center has-black-color has-text-color has-medium-font-size\">Tervetuloa rentoutuman Villen hierontaan!<\/p>\n\n\n\n<hr class=\"wp-block-separator is-style-wide\"\/>\n\n\n<p><span style=\"color: #000000;\"><span style=\"color: #003366;\"><strong>Kuka: <\/strong><\/span><span style=\"color: #2b2929;\">K<\/span><\/span><span style=\"color: #2b2929;\">oulutettu hieroja Ville Hammarberg<\/span><\/p>\n<p><span style=\"color: #000000;\"><span style=\"color: #003366;\"><strong>Mit\u00e4:<\/strong><\/span> <\/span><span style=\"color: #2b2929;\">Klassisia hierontoja<\/span><\/p>\n<p><span style=\"color: #000000;\"><span style=\"color: #003366;\"><strong>Miss\u00e4: <\/strong><\/span><\/span><span style=\"color: #2b2929;\">Mankkaantie 32, 02180 Espoo<\/span><\/p>\n<p><span style=\"color: #2b2929;\">(Noretronin kiinteist\u00f6, yksi ilmainen parkki varattu hieronta-asiakkaille)<\/span><\/p>\n<p><strong><span style=\"color: #003366;\">Milloin<\/span><\/strong>: <span style=\"color: #2b2929;\">Aukioloajat ajanvarauksella<\/span><\/p>\n<p><span style=\"vertical-align: inherit; color: #000000;\"><strong><span style=\"color: #003366;\">Puh:<\/span>&nbsp;<\/strong><\/span><span style=\"vertical-align: inherit; color: #2b2929;\">045 328 7595<\/span><\/p>\n<p><span style=\"vertical-align: inherit; color: #2b2929;\"><span style=\"color: #003366;\"><strong>S\u00e4hk\u00f6posti<\/strong><\/span>: ville.hammarberg@gmail.com<\/span><\/p>\n<p><span style=\"color: #000000;\"><strong><span style=\"color: #003366;\">Maksutapa<\/span>: <\/strong><\/span><span style=\"color: #2b2929;\">K\u00e4teinen ja kortti. My\u00f6s Epassi, Edenred ja Smartum-liikuntasetelit k\u00e4yv\u00e4t<\/span><\/p>\n<p><a href=\"https:\/\/villenhieronta.fi\/index.php\/mina-ville\/\">Lue lis\u00e4\u00e4 minusta<\/a><\/p>\n<hr>\n<h4>N\u00e4in l\u00f6yd\u00e4t perille:<\/h4>\n<p><strong><iframe style=\"border: 0;\" src=\"https:\/\/www.google.com\/maps\/embed?pb=!1m18!1m12!1m3!1d1982.7630667242963!2d24.759558815849086!3d60.20120388197238!2m3!1f0!2f0!3f0!3m2!1i1024!2i768!4f13.1!3m3!1m2!1s0x468df43704bacd9b%3A0x65be552640c021cf!2sMankkaantie+32%2C+02180+Espoo!5e0!3m2!1sfi!2sfi!4v1453924745708\" width=\"600\" height=\"450\" frameborder=\"0\" allowfullscreen=\"allowfullscreen\"><\/iframe><\/strong><\/p>\n<hr>\n\n\n<figure class=\"wp-block-image size-large is-resized\"><img loading=\"lazy\" src=\"https:\/\/villenhieronta.fi\/wp-content\/uploads\/2026\/03\/72267113-694f-42cf-a356-7fd4b88437f8-1.jpg\" alt=\"\" class=\"wp-image-381\" width=\"398\" height=\"473\"\/><figcaption>Viihtyis\u00e4t tilat Mankkaalla hyvien kulkuyhteyksien varrella. Turuntien vieress\u00e4 sijaitseva toimipisteeni on helppo saavuttaa niin Espoosta, Kauniaisista kuin Helsingist\u00e4kin!<\/figcaption><\/figure>\n\n\n\n<hr class=\"wp-block-separator is-style-wide\"\/>\n\n\n\n<div class=\"wp-block-image\"><figure class=\"alignleft size-large is-resized\"><img loading=\"lazy\" src=\"https:\/\/villenhieronta.fi\/wp-content\/uploads\/2024\/10\/Epassi-Logo-Secondary-Color-RGB.png\" alt=\"Epassi logo, Villen hieronta\" class=\"wp-image-196\" width=\"107\" height=\"146\"\/><\/figure><\/div>\n\n\n\n<div class=\"wp-block-image\"><figure class=\"alignleft size-large is-resized\"><img loading=\"lazy\" src=\"https:\/\/villenhieronta.fi\/wp-content\/uploads\/2024\/10\/smarum.png\" alt=\"Smartum logo, Villen hieronta\" class=\"wp-image-195\" width=\"233\" height=\"83\"\/><\/figure><\/div>\n\n\n\n<div class=\"wp-block-image\"><figure class=\"alignleft size-large is-resized\"><img loading=\"lazy\" src=\"https:\/\/edenred.fi\/hubfs\/logos\/Edenred_logo_CMYK_red.png\" alt=\"Edenred logo, Villen hieronta\" width=\"187\" height=\"120\"\/><\/figure><\/div>\n\n\n\n<p><\/p>\n","protected":false},"excerpt":{"rendered":"<p>Jos etsit itsellesi hierojaa Espoosta, olet oikeassa paikassa. Villen hieronta tarjoaa yksil\u00f6llist\u00e4 ja laadukasta hierontaa Mankkaalla. Klassinen hieronta auttaa muun muassa istumaty\u00f6n aiheuttamaan rasitukseen, urheilijoiden lihaskireyksi\u00e4 ja yleiseen rentoutumiseen. L\u00e4hes kymmenen vuoden kokemukseni hierontaty\u00f6st\u00e4 takaa turvallisen, laadukkaan ja juuri sinulle r\u00e4\u00e4t\u00e4l\u00f6idyn hieronnan. Varaa aika hierontaan Tervetuloa rentoutuman Villen hierontaan! Kuka: Koulutettu hieroja Ville Hammarberg Mit\u00e4: [&hellip;]<\/p>\n","protected":false},"author":3,"featured_media":0,"parent":0,"menu_order":0,"comment_status":"closed","ping_status":"closed","template":"","meta":[],"_links":{"self":[{"href":"https:\/\/villenhieronta.fi\/index.php\/wp-json\/wp\/v2\/pages\/34"}],"collection":[{"href":"https:\/\/villenhieronta.fi\/index.php\/wp-json\/wp\/v2\/pages"}],"about":[{"href":"https:\/\/villenhieronta.fi\/index.php\/wp-json\/wp\/v2\/types\/page"}],"author":[{"embeddable":true,"href":"https:\/\/villenhieronta.fi\/index.php\/wp-json\/wp\/v2\/users\/3"}],"replies":[{"embeddable":true,"href":"https:\/\/villenhieronta.fi\/index.php\/wp-json\/wp\/v2\/comments?post=34"}],"version-history":[{"count":109,"href":"https:\/\/villenhieronta.fi\/index.php\/wp-json\/wp\/v2\/pages\/34\/revisions"}],"predecessor-version":[{"id":384,"href":"https:\/\/villenhieronta.fi\/index.php\/wp-json\/wp\/v2\/pages\/34\/revisions\/384"}],"wp:attachment":[{"href":"https:\/\/villenhieronta.fi\/index.php\/wp-json\/wp\/v2\/media?parent=34"}],"curies":[{"name":"wp","href":"https:\/\/api.w.org\/{rel}","templated":true}]}}